omposite?
True
Let s(c) = c**2 + 13*c - 8. Let h be s(-14). Suppose -8*a = -h*a - 794. Is a prime?
True
Suppose 5*s - 2190 - 12565 = 0. Is s composite?
True
Let b be 153 - 12/(2 - 5). Let l = 410 - b. Is l a composite number?
True
Suppose -6 = -2*a - j, a + j - 3 + 1 = 0. Suppose 4 = -a*r, 0*r - 893 = -m - 2*r. Is m a prime number?
False
Suppose 4*a = g - 34833, 85*g = 88*g + 2*a - 104485. Is g a prime number?
False
Suppose 303*s - 299*s = -5*u + 60564, 0 = 5*s + 2*u - 75722. Is s prime?
False
Let r = 105 + -59. Suppose r*v = 45*v + 263. Is v a prime number?
True
Let f = 902 - 411. Is f composite?
False
Let o(r) = -16*r**3 + 6*r**2 + 4*r + 5. Is o(-7) a composite number?
True
Let g = 761 + 296. Is g a composite number?
True
Suppose 5*h = 33 + 22. Let o(f) = -f**2 + 10*f + 13. Let y be o(h). Is y/(-9) - (-17545)/99 prime?
False
Let j be (-1)/(-3) - 5364/(-27). Let r = j - 130. Is r/(-6)*42/(-3) a composite number?
True
Suppose -3*r + 2*r + 5*y + 10652 = 0, 3*r - 2*y = 31917. Is r a prime number?
False
Suppose t = 3 + 1. Suppose t*u = -0*f + 4*f + 560, -4*f - 705 = -5*u. Is u composite?
True
Suppose -6*x - 16900 = -x. Is 4/22 - x/44 prime?
False
Is (-1829450)/(-30) + (3 - (-11)/(-3)) a composite number?
True
Let b be (-4)/(2 + (-1 - -1)). Let k be 19 - (-3 + (-2)/b). Is (-12)/(-42) + 960/k composite?
True
Suppose -w = 4*h - 31, 4*w = h - 11 - 18. Is 73 - ((-3)/h)/(1/3) a prime number?
False
Let w(f) = -f**3 + 36*f**2 + 78*f - 23. Is w(38) prime?
True
Let q = 82 - -77. Is q composite?
True
Let g(n) = 47*n + 9. Let v be g(-6). Suppose -4*h - 754 = 2*u, 4*h + 757 = u - 2*u. Let t = h - v. Is t a composite number?
False
Suppose -2*c = 2*c + 56. Is (-270)/c - 4/14 composite?
False
Suppose 0*g - 2*g = -4*c - 2, 0 = -c - g + 4. Let m be (-9)/(c - (-34)/(-28)). Is 103854/m + 2/7 a prime number?
True
Let m(k) = 7*k**3 - 2*k**2 - 6*k + 2. Let i be -2*10/(-5) + 1. Is m(i) composite?
False
Suppose -11*r - 18373 = -70634. Is r a composite number?
False
Is (-3 - 3)/(-2) + 1818 prime?
False
Let g be (4/(-20) + -1)*5. Let l(r) = 50*r + 5. Let b(s) = 49*s + 6. Let u(d) = g*l(d) + 5*b(d). Is u(-1) composite?
True
Let n(x) be the third derivative of x**5/6 + x**4/6 - 19*x**3/6 + 11*x**2. Let h be n(9). Suppose h + 1207 = 6*t. Is t a prime number?
False
Suppose -m - 9 = -u, -3*m + 44 = 4*u - 5*m. Let r = -11 + u. Suppose -r*j = j - 1239. Is j composite?
True
Let a be -3*(-3)/(-12)*4. Let q = -21 - a. Is ((-50)/(-15))/((-4)/q) composite?
True
Suppose -2*p - 8 = -2*f + 2, f = -5*p - 1. Let m(a) = 134*a**2 + 5*a + 5. Is m(p) a composite number?
True
Is 0 + 10/5*6772/8 a prime number?
True
Is (3 + -4 - -1)*-1 - -379 a composite number?
False
Suppose -4*y + 60897 = -25715. Suppose 4*h - 5*n = y, 5*h - n - 6809 = 20231. Is h composite?
False
Let o = -29594 - -43093. Is o a prime number?
True
Let p(q) = 63*q**2 - 1. Suppose 3*m = -5*f - 9, m - 5 = 3*f + 6. Is p(m) a composite number?
False
Suppose 5*o = -4*t - 13182 + 102385, 3*o = 5*t + 53544. Is o composite?
True
Let c be (-312)/51 - -6 - 922/(-34). Is (c - (-1 - 1))*(10 - -3) a prime number?
False
Let q = -27 + 57. Suppose -4*d + 581 = 3*t, 0 = 2*t - 3*d - 380 - q. Suppose -2*r = -r - t. Is r prime?
True
Let a(g) = -6*g**2 + 2*g + 4. Let w be a(-2). Let z = -20 - w. Suppose l + z*l = 290. Is l a prime number?
False
Suppose -3*d - 17*f + 35051 = -21*f, -2*d + f + 23359 = 0. Is d prime?
True
Let a(u) = -47*u - 188. Is a(-45) composite?
True
Let g = 273 - -863. Let h be g/2 + 1/1. Is h/4 - 21/(-28) composite?
True
Let k(o) = 2*o + 2. Let z be k(1). Suppose 0 = f - z*f - 162. Is (-4797)/f + 2/12 composite?
False
Let s(v) = 13*v**2 - 4. Let w be s(7). Suppose -9*p = -6*p - w. Is p prime?
True
Let c(b) = -733*b + 247. Is c(-6) prime?
False
Let m be (1 + 19096/12)*(-1 + -2). Let c = m + 8860. Is c composite?
True
Suppose -5*g - 5*b + 24 = -1, 3*b = -3. Is ((-18)/(-12))/(g/212) a composite number?
False
Let y = 6105 + 8878. Is y prime?
True
Suppose -x + 11751 = -2600. Is x prime?
False
Let j(f) = -7*f**2 - 8*f + 13. Let l be j(-10). Let k = l + 2347. Suppose -685 = -5*t + k. Is t a composite number?
True
Suppose 4*j = -5*q + j + 16581, -j = q - 3317. Suppose 1188 - q = -3*b. Is b a composite number?
False
Suppose 18 = 5*y - 4*n, 2*n + 0*n + 2 = -y. Is (3/y)/((-7)/(-2674)) a prime number?
False
Let d(f) = -3*f**3 - 7*f**2 + f - 8. Suppose 5*j + 24 = j. Is d(j) a prime number?
False
Let s be (-370 + 8)/(1/(-5)). Let k = -623 + s. Is k a prime number?
True
Suppose y + 5 = 4*r - 0, 5*r + 3*y - 19 = 0. Suppose -4*o + 4*d - r*d = 2, 2*d = 5*o. Suppose -110 = -o*m - 0*m. Is m a composite number?
True
Suppose -58009 = 6*i - 476527. Is i a composite number?
True
Let a be (-4)/6*90/(-5). Suppose -4*c + 458 = -2*y, -a = -y + 5*y. Is c prime?
True
Is -2*(63729/(-6) + -2) prime?
True
Let h be -3 + (-11)/(-2) - (-15)/10. Is (2 - 1 - 4) + h - -34 a prime number?
False
Is ((-4)/((-28)/(-21959)))/(-1) prime?
True
Let g = -962 - -3106. Let s = g - 985. Is s a composite number?
True
Let o = 38791 + -19148. Is o prime?
False
Suppose 20*q - 404997 = 73343. Is q prime?
True
Is 24/56 - (-51920)/14 a composite number?
False
Let z(j) = -j**3 - 3*j**2 + 3*j + 5. Let y be z(-4). Is -3*(1 + (-186)/y) composite?
False
Is 55/605 - 153932/(-22) composite?
False
Suppose 3*z - 6499 = 4*k, 4*z - k - 8677 = 2*k. Is z a composite number?
True
Suppose 2*k - 17*x - 15542 = -15*x, -2*x + 7765 = k. Is k composite?
True
Suppose 0 = -3*v - 2*l - 0*l - 119, -3*l = 3. Let x = 10 + v. Let k = 456 + x. Is k a prime number?
False
Suppose 5*x + 1191 = r, -3*r + 5*x - 633 = -4186. Is r prime?
True
Let l(d) = d - 4. Let u be l(12). Suppose 0 = -u*a + 8835 + 15253. Is a a composite number?
False
Suppose 0*d - 3*d = 0, -232 = -4*c - 4*d. Let x = c - 32. Is x composite?
True
Let s(r) be the first derivative of 39*r**2/2 + 25*r - 6. Is s(12) prime?
False
Suppose 3648 = 22*o - 14*o. Suppose 5*s - 3*v - 342 = o, -v + 476 = 3*s. Is s a composite number?
True
Let y(k) = -3 - 5 - 11 + 18 - 223*k. Is y(-2) a composite number?
True
Let u(b) = b**2 + 6*b - 3. Let k be u(-7). Suppose -4*s + a + 14198 = 0, -7102 = k*s - 6*s - a. Is (-3 - -1)*s/(-20) a prime number?
False
Suppose 4*b + 2*t - 19891 = 3717, -4*b = -4*t - 23620. Is b a composite number?
False
Let r be 10/(-4)*(-4)/5. Suppose -2*j + 10 = 2*y, -4*j - 4 = -0*y - r*y. Suppose 2*g + 2*g - 1016 = -3*z, y*z = 5*g - 1239. Is g composite?
False
Suppose 0*b - 5*p = 2*b - 1598, 4*b - 3*p = 3196. Suppose -2*q + 2*s + b + 95 = 0, 5*q - s - 2235 = 0. Is q composite?
True
Let d(v) = 5107*v**2 - 7*v - 2. Is d(1) a prime number?
False
Let p(y) = 4*y**2 - y - 2. Let z be p(-2). Let v = -17 + z. Is 62/(3 + v)*23 prime?
False
Let p(y) = y - 1 - y**2 - 4*y**2 + 3*y**3 - 3. Let v be -5 + (-30)/21*-7. Is p(v) composite?
False
Suppose -5*f + 6*f = 0. Suppose -545 = -5*i - f*i. Is i prime?
True
Let x = 3823 + -2610. Is x composite?
False
Let r = -6586 - -14564. Is r a prime number?
False
Let o = 39 + -7. Let x = o + -24. Is 681 + (-1)/(2/x) prime?
True
Suppose -4*c - 4*n + 8*n = -139152, 4*n + 104363 = 3*c. Is c a prime number?
False
Let s be 44/10 - (-48)/(-120). Suppose -z + s*t = t + 228, 0 = 3*z - t + 716. Let n = 499 - z. Is n composite?
False
Let n(x) = -82*x - 102. Let u be n(-19). Suppose 0*l = 5*l - 20. Suppose 0 = -f + 3, 5*v - l*f + f - u = 0. Is v composite?
False
Let y = 1624 + -735. Is y a composite number?
True
Suppose -6*q - 32700 = -12*q. Let u = -3891 + q. Is u a composite number?
False
Suppose -6*y = -4509 - 2217. Is y a composite number?
True
Let s = 12531 + 5950. Is s a composite number?
False
Suppose 37*m - 38*m = -18. Is (m/12)/(6/2456) composite?
True
Suppose 172 = 6*v - 2*v. Let s be v/9 + (-32)/(-144). Suppose -s*c = -171 - 14. Is c prime?
True
Let z(a) = 14*a**2 + 180*a + 83. Is z(-58) a composite number?
False
Is 4/(-10) + (-12 - (-15342)/30) a prime number?
True
Suppose 24*u = 7867 + 4205. Is u a prime number?
True
Suppose -266414 + 47247 = -23*g. Is g prime?
False
Let j(s) = -s**2 + 3*s - 5. Let g be j(2). Is (g*(-894)/72)/((-1)/(-4)) composite?
False
Let u(o) be the second derivative of -3*o + 1/2*o**2 + 0 + 26*o**3. Is u(1) a composite number?
False
Let w = 10227 + 19690. Is w prime?
True
Suppose -4*n = -5*t - 562 